c
What is 7716 (base 15) in base 16?
6285
Convert -107155 (base 9) to base 3.
-10021011212
Convert 142 (base 5) to base 2.
101111
Convert -ba5 (base 12) to base 11.
-1314
Convert -40902 (base 11) to base 6.
-1140103
1111430 (base 5) to base 15
5c2a
What is -1600 (base 11) in base 10?
-2057
Convert -254 (base 6) to base 10.
-106
Convert 1a4a (base 11) to base 8.
5043
-22403 (base 9) to base 2
-11101000111011
-70 (base 10) to base 15
-4a
What is 747 (base 8) in base 11?
403
2372 (base 9) to base 15
7cb
2c8 (base 16) to base 3
222101
What is 10021010 (base 3) in base 7?
6636
What is -86d (base 16) in base 8?
-4155
What is 13245 (base 7) in base 14?
1425
719 (base 16) to base 3
2111022
250 (base 12) to base 15
183
Convert -100100000010001 (base 2) to base 6.
-221225
What is -6827 (base 14) in base 15?
-5547
Convert a45 (base 12) to base 15.
698
-37 (base 11) to base 10
-40
Convert 223 (base 15) to base 11.
3aa
Convert -243 (base 8) to base 5.
-1123
-25 (base 8) to base 14
-17
Convert -43445 (base 6) to base 2.
-1011101110101
-30212 (base 4) to base 7
-2231
Convert 2203201 (base 5) to base 4.
21100212
5033 (base 7) to base 14
8c3
Convert 39258 (base 10) to base 8.
114532
What is -3aa (base 13) in base 2?
-1010000111
Convert -2114 (base 7) to base 15.
-34b
What is -2bc (base 16) in base 2?
-1010111100
110001000110 (base 2) to base 10
3142
Convert 4464 (base 11) to base 7.
23065
-20022 (base 3) to base 5
-1140
64236 (base 7) to base 16
3e1f
Convert -1043 (base 9) to base 11.
-639
Convert 12011 (base 4) to base 12.
285
Convert -9b7 (base 13) to base 16.
-687
What is 370 (base 16) in base 3?
1012121
-534502 (base 6) to base 15
-ceae
What is -1204 (base 7) in base 12?
-311
What is 4770 (base 15) in base 14?
5764
What is -403012 (base 5) in base 16?
-3252
3588 (base 10) to base 9
4826
20020 (base 4) to base 16
208
What is 1953 (base 15) in base 16?
1566
-728 (base 14) to base 9
-1834
cb68 (base 13) to base 14
a461
Convert 11100110111 (base 2) to base 8.
3467
Convert 5085 (base 14) to base 15.
4177
Convert -4448 (base 11) to base 6.
-43044
220110210 (base 3) to base 9
26423
Convert 106 (base 14) to base 12.
14a
What is 200110120 (base 3) in base 16?
3495
What is 304 (base 16) in base 14?
3d2
2522 (base 10) to base 2
100111011010
What is 64 (base 12) in base 6?
204
What is 21871 (base 10) in base 13?
9c55
What is 123 (base 4) in base 13?
21
459 (base 10) to base 15
209
202110 (base 3) to base 6
2320
-110001100 (base 2) to base 3
-112200
What is 519b (base 15) in base 12?
9b92
-101001110110 (base 2) to base 7
-10544
Convert -1100011000100 (base 2) to base 4.
-1203010
Convert d1 (base 14) to base 2.
10110111
679 (base 13) to base 10
1114
21464 (base 10) to base 9
32388
15999 (base 11) to base 5
1204433
What is -1b89 (base 16) in base 8?
-15611
What is -115bd (base 14) in base 16?
-a543
What is 1132 (base 8) in base 2?
1001011010
3787 (base 15) to base 4
2320303
-1102122 (base 3) to base 13
-623
What is -44121 (base 5) in base 7?
-11565
Convert -521 (base 10) to base 16.
-209
What is -339b (base 16) in base 7?
-53342
What is -11200 (base 3) in base 4?
-1332
-4c46 (base 14) to base 16
-344e
What is 55 (base 9) in base 15?
35
Convert 3331223 (base 4) to base 6.
203055
-1749 (base 10) to base 11
-1350
-2022222 (base 3) to base 16
-6a4
-773 (base 8) to base 16
-1fb
What is 1000010110 (base 2) in base 10?
534
Convert -8744 (base 13) to base 9.
-27725
What is 1408 (base 16) in base 5?
131003
-7371 (base 10) to base 8
-16313
What is bab (base 15) in base 7?
10454
c0e (base 15) to base 2
101010011010
Convert 41404 (base 8) to base 13.
7a69
What is -102022210 (base 3) in base 13?
-39b1
What is -1020 (base 6) in base 13?
-147
What is 6406 (base 14) in base 3?
212200001
Convert -33325 (base 7) to base 6.
-102514
What is 312 (base 4) in base 10?
54
What is -200121 (base 3) in base 10?
-502
12c82 (base 14) to base 9
70542
What is 3230 (base 5) in base 2?
110111000
What is 223412 (base 6) in base 11?
13262
What is 2992 (base 11) in base 10?
3852
What is -163540 (base 7) in base 12?
-16997
What is -d063 (base 14) in base 3?
-1211001102
-4423 (base 5) to base 8
-1145
-9da (base 16) to base 15
-b32
Convert 30425 (base 11) to base 14.
1229c
38291 (base 10) to base 16
9593
10034 (base 7) to base 3
10022212
-1595 (base 11) to base 14
-a5a
Convert 1892 (base 10) to base 7.
5342
624 (base 9) to base 8
774
-1002021 (base 3) to base 13
-48a
-13201 (base 7) to base 2
-110111001001
Convert 10a (base 16) to base 6.
1122
What is 222 (base 14) in base 7?
1142
-360 (base 16) to base 13
-516
Convert 62451 (base 7) to base 11.
10571
Convert -17668 (base 9) to base 15.
-3942
-1000011100 (base 2) to base 5
-4130
What is -4552 (base 8) in base 14?
-c42
Convert 226a (base 16) to base 12.
5122
Convert 30013 (base 6) to base 8.
7471
Convert 38d9 (base 15) to base 12.
7029
13213 (base 4) to base 3
200001
Convert -16a1 (base 14) to base 12.
-2425
Convert -28914 (base 10) to base 6.
-341510
Convert -b0a (base 15) to base 14.
-c97
-243 (base 11) to base 12
-201
Convert 5273 (base 10) to base 15.
1868
What is -130342 (base 6) in base 12?
-69b2
37944 (base 10) to base 11
26565
10000100111111 (base 2) to base 16
213f
Convert 143422 (base 5) to base 13.
2a22
What is 30203 (base 4) in base 7?
2225
Convert 44304 (base 7) to base 5.
324002
-1036 (base 7) to base 10
-370
-1098 (base 11) to base 2
-10110011110
What is -1101000 (base 3) in base 16?
-3e7
Convert 8 (base 10) to base 7.
11
What is -3444 (base 7) in base 10?
-1257
-449 (base 10) to base 4
-13001
What is -2303202 (base 4) in base 12?
-6796
-1320341 (base 5) to base 14
-985c
Convert 16795 (base 11) to base 4.
11300122
1314 (base 7) to base 2
111110101
What is -141413 (base 5) in base 2?
-1011011100010
What is 364f (base 16) in base 15?
41bd
What is 358 (base 12) in base 10?
500
Convert 2678 (base 10) to base 14.
d94
What is 1104214 (base 5) in base 15?
5ac4
Convert -11310230 (base 4) to base 3.
-1012201102
What is 4323 (base 5) in base 16?
24c
What is 571 (base 12) in base 14?
417
What is 10615 (base 7) in base 9?
3637
-2243 (base 6) to base 10
-531
What is 10 (base 7) in base 12?
7
10122 (base 4) to base 5
2112
Convert -46ba (base 13) to base 4.
-2123203
What is 4b2 (base 15) in base 5?
13232
Convert -11513 (base 6) to base 13.
-a0b
Convert 211210 (base 4) to base 16.
964
-507 (base 11) to base 10
-612
Convert -53540 (base 6) to base 7.
-30243
113221 (base 4) to base 14
7a1
What is 1ad (base 15) in base 10?
388
-160312 (base 7) to base 11
-21628
Convert ac8 (base 16) to base 10.
2760
What is -361 (base 12) in base 2?
-111111001
334 (base 7) to base 8
254
Convert -445 (base 7) to base 12.
-171
Convert 965 (base 14) to base 8.
3475
What is -22120 (base 3) in base 2?
-11100111
What is -466 (base 13) in base 9?
-1034
What is -74 (base 16) in base 6?
-312
What is 34332 (base 5) in base 11?
1943
Convert 22421 (base 8) to base 2.
10010100010001
143354 (base 6) to base 7
55042
What is 30132 (base 5) in base 13?
b46
What is 3021 (base 5) in base 13?
239
What is 541 (base 11) in base 2?
1010001010
Convert 1a3 (base 12) to base 10.
267
Convert 5e4 (base 16) to base 15.
6a8
What is -22 (base 12) in base 14?
-1c
What is -1111120 (base 3) in base 9?
-1446
What is -10233 (base 5) in base 12?
-499
What is 154 (base 6) in base 5?
240
2031230 (base 4) to base 13
4187
Convert -427 (base 9) to base 14.
-1ad
Convert -2ba (base 14) to base 11.
-466
-11100111 (base 2) to base 6
-1023
What is 14225 (base 6) in base 13?
1040
-2069 (base 12) to base 11
-2726
What is -25313 (base 11) in base 4?
-20313122
Convert -1117 (base 12) to base 2.
-11101100011
What is -2486 (base 11) in base 5?
-100430
Convert 34a3 (base 14) to base 3.
110120020
-5eb1 (base 15) to base 7
-112603
What is -3a0 (base 12) in base 5?
-4202
Convert 1000210 (base 3) to base 9.
1023
38105 (base 11) to base 8
152651
What is -4014 (base 5) in base 2?
-111111101
Convert 11212 (base 5) to base 16.
327
-3212021 (base 4) to base 15
-456e
Convert 1101000011001 (base 2) to base 4.
1220121
Convert -1043203 (base 5) to base 16.
-4879
What is 35320 (base 6) in base 11?
3906
What is 37335 (base 8) in base 10?
16093
395 (base 14) to base 4
23033
What is -12000 (base 4) in base 12?
-280
Convert -6dfc (base 16) to bas